vided by d(1)?
9
Let d(q) = -18*q - 16. Let a be d(-6). Let v = 90 - a. What is the remainder when 12 is divided by v + 1 + (88/2)/4?
2
Let h = 2792 + -2754. Calculate the remainder when h is divided by 10.
8
Let c(b) = b**3 + 14*b**2 - 50*b + 23. Let g be c(-17). What is the remainder when (35 + 2 + -1)*2/g is divided by 2?
0
Let v = -16822 - -16866. Calculate the remainder when 306 is divided by v.
42
Let c(k) = -10*k**3 + 200*k**2 + 3*k - 49. What is the remainder when 12 is divided by c(20)?
1
Let t = -13527 - -14732. What is the remainder when t is divided by 44?
17
Let y be -5 + 1*(-215)/5*-1. What is the remainder when 4389/y + (18/(-4) - -3) is divided by 15?
9
Let w(s) = -8*s**3 + 3*s + 3. Let b = 1 + 14. Let c = b + 1. Calculate the remainder when w(-2) is divided by c.
13
Let n(w) = 46*w**2 - 362*w + 4. Calculate the remainder when n(8) is divided by 15 - (0 + 3/3).
10
Suppose 3*i - 3*g + 21 = 4*i, 3*i - 43 = -5*g. What is the remainder when 28 is divided by i?
4
Let n = -173 - -167. What is the remainder when 52 is divided by (0/(-4))/(-1) - (-29 - n)?
6
Let p = 41 + -54. Let s(m) = 4*m**3 + 2*m**2 + 3*m + 2. Let d be s(-1). Let g = d - p. Calculate the remainder when g is divided by 4.
2
Let j(q) = -4*q + 26. Suppose -60 = -17*s + 7*s. Let y be j(s). Suppose 2*m + 8 = -y, 3*u - 4*m = 26. Calculate the remainder when 2 is divided by u.
0
Suppose 8*s - 7*s - 318 = -u, 626 = 2*s - 3*u. Calculate the remainder when s is divided by 311.
5
Calculate the remainder when (32/(-176) - 62085/55)*2/(-2) is divided by 143.
128
Suppose -f - 60 = -5*b, 0 = -5*b - 7*f + 12*f + 80. Let n be (b + -56 - (0 - 0))/(-1). Suppose 120 = -40*w + n*w. What is the remainder when 41 is divided by w?
17
Let q = -148 - -157. What is the remainder when 98 is divided by -9*(7 + (-78)/q)?
8
Let a(g) = 3*g**2 + 4*g - 5. Let k be a(1). Suppose 0 = k*i - 129 - 19. Calculate the remainder when 79 is divided by i.
5
Let q(y) = y**3 - 5*y**2 - 12*y - 11. Suppose t = -p - 1, t + 32 - 23 = p. Calculate the remainder when p is divided by q(7).
1
Suppose 0 = -c + 10 + 20. Suppose -a = 4*o - c + 5, -o + 85 = 2*a. Suppose -7*h = -47 - 37. Calculate the remainder when a is divided by h.
9
Suppose 0 = 10*q - 159 - 251. What is the remainder when 210 is divided by q?
5
Suppose 3*a - t - 92 = 0, 0 = -3*a - 4*t + 24 + 43. Suppose -433*s - 3189 = -4665 - 9349. Calculate the remainder when a is divided by s.
4
Let k = 1747 + -1708. Let i = -3 - -4. Let z = 152 + i. What is the remainder when z is divided by k?
36
Suppose -2 - 26 = -14*d. Suppose -20 = -5*b, -d*q - 2*b = -33 - 51. Calculate the remainder when q is divided by 10.
8
Let n(u) = -1. Let s(k) = -66*k**3 + k**2 - 2*k + 8. Let l(y) = -5*n(y) - s(y). What is the remainder when l(1) is divided by 52?
12
What is the remainder when 203 is divided by (5 + 505)/10 + -19?
11
Let n(r) = -184*r - 838. Calculate the remainder when n(-9) is divided by 117.
116
Suppose -187*c - 602 = -4*d - 185*c, 4*c = 4*d - 600. Calculate the remainder when d is divided by 33.
19
Suppose -31*r = -5*q - 26*r + 710, -2*r - 698 = -5*q. What is the remainder when 690 is divided by q?
0
Suppose 0*k + 1227 = 3*k - 3*q, 2*k + 3*q - 823 = 0. Suppose -54 = t - k. What is the remainder when t is divided by 52?
44
Suppose 4*v - 6*v + 2*x = -78, 2*v - 4*x - 90 = 0. Let z(m) = 3*m**2 + 1. Suppose -4*k - 4 = -2*k. What is the remainder when v is divided by z(k)?
7
Suppose -14337 = -732*j + 3231. Calculate the remainder when 3374 is divided by j.
14
Suppose -l + 410 = -s, 0 = 111*l - 115*l + 6*s + 1648. Calculate the remainder when l is divided by 2.
0
Let d be -2 + 1 + (-10)/2. Let m = 117 - 115. Calculate the remainder when 281 is divided by (-2)/d*(-141)/(m - 3).
46
Suppose 3*b - 41 = -n + 147, n - 8*b - 254 = 0. What is the remainder when n is divided by 104?
102
Calculate the remainder when ((-282)/4)/((-120)/2320) is divided by 62.
61
Let w = 6702 + -6696. Calculate the remainder when 4329 is divided by w.
3
Let s = 11530 - 7505. What is the remainder when s is divided by 62?
57
Suppose 5 = -3*v - 4*c, 6*v + c = 5*v. Suppose -r = 5*j - 1089, -5*j + 1399 - 334 = -v*r. Calculate the remainder when j is divided by 74.
69
Let i = -24343 + 24381. What is the remainder when 146 is divided by i?
32
Let m(x) be the first derivative of 19*x**2/2 - 48*x + 39. Suppose 0 = -0*b + b - 12. Calculate the remainder when m(5) is divided by b.
11
Let k = 31 - 26. Let b be k + 3/(-15)*0. Suppose -h - 68 = -b*h. Calculate the remainder when 33 is divided by h.
16
Let w = -9383 + 9448. What is the remainder when 340 is divided by w?
15
Let o(r) = r**2 + r + 5. Let k = 29548 + -29409. What is the remainder when k is divided by o(-6)?
34
Let h = 5530 - 5252. What is the remainder when h is divided by 0 + 28 + (-2 - -2)?
26
Let l = -12872 + 12911. Calculate the remainder when 815 is divided by l.
35
Suppose -3*d = 2*u - 55, d - 14*u - 1 = -19*u. Calculate the remainder when (-19)/(-2)*(5 - 1) is divided by d.
17
Let z(c) = -2*c**3 - 11*c**2 + 116*c + 6. Let v(u) = -2*u + 118. What is the remainder when v(0) is divided by z(-11)?
57
Calculate the remainder when (-37 + (9 - -9))*(0 - 207) is divided by 34.
23
Suppose 2164 = -29*m + 5064. What is the remainder when m is divided by 38?
24
What is the remainder when 20/(-8) + ((-39)/(-117))/(2/7209) is divided by 60?
59
Let a(s) = 31*s**3 + 14*s**2 - 50*s + 16. Calculate the remainder when a(4) is divided by 45.
44
Calculate the remainder when (44 - 4)*(-108 + 114) is divided by 3.
0
Suppose 0 = -4*u + 55 - 15. Let w be u/(-30) + (-374)/(-6). Suppose m + 2*x = 40, 16 = -m - 5*x + w. What is the remainder when m is divided by 19?
17
Suppose 3*i = 2*s - 31749, 80305 = 5*s + 5*i + 845. Calculate the remainder when s is divided by 26.
25
Let y(l) = -3*l**3 - 14*l**2 - 5*l. Suppose 21*s - 3*s = 306. What is the remainder when y(-5) is divided by s?
16
Let b(o) = 67*o**2 + 2*o - 1. Let a(s) = -2*s**2 - 2*s - 16 + 2*s - s**3 - s**2 + 4*s. What is the remainder when b(1) is divided by a(-5)?
12
Let w(s) = -s**2 + 14*s + 5. Let c be w(11). Let k = -14 + c. Calculate the remainder when 91 is divided by k.
19
Let d(m) = 3*m**2 + 33*m + 3. Let i be d(-11). Suppose 2*h - i*s + 1 - 41 = 0, -109 = -5*h + 3*s. Calculate the remainder when 218 is divided by h.
11
Let r(b) = -2*b**3 + 66*b**2 - 59*b - 128. What is the remainder when 60 + (1 - 0) + 1 is divided by r(32)?
30
Let g(d) = 19*d + 98. Let w be g(-5). Suppose p - 35*l - w = -40*l, -2*p - 3*l + 13 = 0. Calculate the remainder when p is divided by 4.
0
Suppose 90*a - 243 = 81*a. What is the remainder when a is divided by (32/2)/(-4) + 19?
12
Let b(g) = -5*g**2 + 0*g + 9*g**2 - 2*g**2 + 5*g + 1. Suppose 0 = 4*c - 2 + 18. What is the remainder when 22 is divided by b(c)?
9
Suppose 0 = 74*j - 7517 + 734 - 4169. Calculate the remainder when 1180 is divided by j.
144
Let h = 76 + -7. Let y = -57 + h. Let n(z) = -z**2 + 19*z + 14. What is the remainder when n(y) is divided by 20?
18
Let p(y) = 30*y**2 - 17*y - 17. Let a be p(13). Suppose 0 = 14*t + 18*t - a. Calculate the remainder when t is divided by 52.
47
Let t = 2957 + -1352. Suppose -t = -4*p + p. Suppose 0 = -4*z + 16, 3*a - p = 5*z - 0*z. Calculate the remainder when a is divided by 47.
44
Let r be 2/5 + 15/25. Calculate the remainder when 122 is divided by -2*(-13 - (3 + -5))*r.
12
Let i(c) = -46 - 14*c**3 + 13*c**3 - 8*c**2 - 11*c + 21*c**2. Let p be i(11). Let t = p + -58. What is the remainder when 184 is divided by t?
14
Suppose 4*l - 104 = 3*z, 3*l = -0*l + z + 78. Let s = 0 + 7. Suppose -2*o = 15 - s, -4*o = 4*w - 24. What is the remainder when l is divided by w?
6
What is the remainder when 731 is divided by (-8)/(288/(-1038)) + 5/(-6)?
3
Suppose 0 = -o + 3, -5*o - 244 = -2*f - 145. What is the remainder when f is divided by 10?
7
Suppose -2*a = 4*n - 1756, -160*a + 164*a = -3*n + 1317. Calculate the remainder when n is divided by 49.
47
Suppose -a = -3*k - 207, 5*a + k + k - 1018 = 0. Suppose -2*w + 7*w = 330. Calculate the remainder when w is divided by (a/18*-3)/(-1).
32
Suppose 34*x - 48*x = 658. Let t(m) = -8*m - 211. What is the remainder when t(x) is divided by 14?
11
Let g(n) = -n**3 + 2*n + 21. Let a(c) = 47*c**2 + 2*c + 3.